{"id":103,"date":"2025-10-12T09:44:14","date_gmt":"2025-10-12T09:44:14","guid":{"rendered":"https:\/\/portanostra-mallorca.com\/?page_id=103"},"modified":"2025-10-12T10:32:23","modified_gmt":"2025-10-12T10:32:23","slug":"porta-nostra-2","status":"publish","type":"page","link":"https:\/\/portanostra-mallorca.com\/?page_id=103","title":{"rendered":"FORESTA-MALLORCA"},"content":{"rendered":"<div class=\"alignleft wp-block-site-logo\"><a href=\"https:\/\/portanostra-mallorca.com\/\" class=\"custom-logo-link\" rel=\"home\"><img loading=\"lazy\" decoding=\"async\" width=\"555\" height=\"338\" src=\"https:\/\/portanostra-mallorca.com\/wp-content\/uploads\/2025\/10\/foresta-copia.jpg\" class=\"custom-logo\" alt=\"PORTA NOSTRA REAL ESTATE\" srcset=\"https:\/\/portanostra-mallorca.com\/wp-content\/uploads\/2025\/10\/foresta-copia.jpg 960w, https:\/\/portanostra-mallorca.com\/wp-content\/uploads\/2025\/10\/foresta-copia-300x183.jpg 300w, https:\/\/portanostra-mallorca.com\/wp-content\/uploads\/2025\/10\/foresta-copia-768x469.jpg 768w\" sizes=\"auto, (max-width: 555px) 100vw, 555px\" \/><\/a><\/div>\n\n\n<div class=\"wp-block-columns is-layout-flex wp-container-core-columns-is-layout-3a88641f wp-block-columns-is-layout-flex\">\n<div class=\"wp-block-column is-layout-flow wp-block-column-is-layout-flow\" style=\"flex-basis:100%\">\n<h2 class=\"wp-block-heading\">\u00bfQUIENES SOMOS?<\/h2>\n<\/div>\n<\/div>\n\n\n<p class=\"wp-block-site-tagline\">En &lt;strong&gt;Foresta&lt;\/strong&gt;, somos m\u00e1s que una empresa de limpieza y adecuaci\u00f3n: somos los &lt;strong&gt;guardianes de la belleza y el potencial&lt;\/strong&gt; de su espacio en Mallorca. Con a\u00f1os de experiencia y una pasi\u00f3n por el entorno, nos dedicamos a transformar solares, villas y casas de campo, prepar\u00e1ndolas para que luzcan su mejor versi\u00f3n. Nuestro compromiso es el &lt;strong&gt;orden, el cuidado y la excelencia&lt;\/strong&gt;, asegurando que cada terreno refleje la armon\u00eda que la naturaleza de la isla merece.<\/p>\n\n\n<h2 class=\"wp-block-heading\">\u00bfPOR QU\u00c9 NOSOTROS?<\/h2>\n\n\n\n<p class=\"wp-block-paragraph\">Porque somos especialistas en <strong>revalorizaci\u00f3n y conservaci\u00f3n<\/strong> en el entorno mallorqu\u00edn. Garantizamos una <strong>imagen impecable<\/strong> que maximiza el potencial de su propiedad. Nuestra promesa: <strong>trabajo profesional, equipo propio y el orden que su finca necesita<\/strong>. Su tranquilidad y la belleza de su patrimonio son nuestra m\u00e1xima prioridad.<\/p>\n\n\n\n<figure class=\"wp-block-gallery has-nested-images columns-default is-cropped wp-block-gallery-1 is-layout-flex wp-block-gallery-is-layout-flex\">\n<figure class=\"wp-block-image size-large\"><img loading=\"lazy\" decoding=\"async\" width=\"320\" height=\"240\" data-id=\"112\" src=\"https:\/\/portanostra-mallorca.com\/wp-content\/uploads\/2025\/10\/0c184d1e-2fd2-4777-a93b-484308845d60-2.jpg\" alt=\"\" class=\"wp-image-112\" srcset=\"https:\/\/portanostra-mallorca.com\/wp-content\/uploads\/2025\/10\/0c184d1e-2fd2-4777-a93b-484308845d60-2.jpg 320w, https:\/\/portanostra-mallorca.com\/wp-content\/uploads\/2025\/10\/0c184d1e-2fd2-4777-a93b-484308845d60-2-300x225.jpg 300w\" sizes=\"auto, (max-width: 320px) 100vw, 320px\" \/><\/figure>\n\n\n\n<figure class=\"wp-block-image size-large is-resized\"><img loading=\"lazy\" decoding=\"async\" width=\"1024\" height=\"768\" data-id=\"113\" src=\"https:\/\/portanostra-mallorca.com\/wp-content\/uploads\/2025\/10\/9e5b998b-d54f-42a4-afae-2b7d299d25e3-1-1024x768.jpg\" alt=\"\" class=\"wp-image-113\" style=\"width:315px;height:auto\" srcset=\"https:\/\/portanostra-mallorca.com\/wp-content\/uploads\/2025\/10\/9e5b998b-d54f-42a4-afae-2b7d299d25e3-1-1024x768.jpg 1024w, https:\/\/portanostra-mallorca.com\/wp-content\/uploads\/2025\/10\/9e5b998b-d54f-42a4-afae-2b7d299d25e3-1-300x225.jpg 300w, https:\/\/portanostra-mallorca.com\/wp-content\/uploads\/2025\/10\/9e5b998b-d54f-42a4-afae-2b7d299d25e3-1-768x576.jpg 768w, https:\/\/portanostra-mallorca.com\/wp-content\/uploads\/2025\/10\/9e5b998b-d54f-42a4-afae-2b7d299d25e3-1-1536x1152.jpg 1536w, https:\/\/portanostra-mallorca.com\/wp-content\/uploads\/2025\/10\/9e5b998b-d54f-42a4-afae-2b7d299d25e3-1.jpg 1600w\" sizes=\"auto, (max-width: 1024px) 100vw, 1024px\" \/><\/figure>\n<\/figure>\n\n\n\n<div class=\"wp-block-columns is-layout-flex wp-container-core-columns-is-layout-3a88641f wp-block-columns-is-layout-flex\">\n<div class=\"wp-block-column is-layout-flow wp-block-column-is-layout-flow\" style=\"flex-basis:50%\">\n<div class=\"wp-block-buttons is-layout-flex wp-block-buttons-is-layout-flex\">\n<div class=\"wp-block-button is-style-fill\"><a class=\"wp-block-button__link wp-element-button\">SERVICIOS<\/a><\/div>\n\n\n\n<div class=\"wp-block-button is-style-fill\"><a class=\"wp-block-button__link wp-element-button\">Ofrecemos la <strong>adecuaci\u00f3n integral<\/strong> de terrenos, villas y fincas en Mallorca. Limpieza, desbroce, puesta a punto y mantenimiento de alto nivel para solares y casas de campo. Transformamos cualquier espacio para garantizar su <strong>mejor imagen y conservaci\u00f3n<\/strong>.<\/a><\/div>\n<\/div>\n<\/div>\n\n\n\n<div class=\"wp-block-column is-layout-flow wp-block-column-is-layout-flow\" style=\"flex-basis:50%\">\n<div class=\"wp-block-buttons is-layout-flex wp-block-buttons-is-layout-flex\">\n<div class=\"wp-block-button\"><a class=\"wp-block-button__link wp-element-button\">FAQ<\/a><\/div>\n\n\n\n<div class=\"wp-block-button\"><a class=\"wp-block-button__link wp-element-button\">\u00bfListo para transformar su terreno o villa? P\u00f3ngase en contacto con nosotros para solicitar un <strong>presupuesto sin compromiso<\/strong>. Estamos a su disposici\u00f3n para analizar sus necesidades de limpieza y adecuaci\u00f3n en cualquier punto de Mallorca.<\/a><\/div>\n<\/div>\n<\/div>\n<\/div>\n\n\n\n<p class=\"wp-block-paragraph\"><\/p>\n","protected":false},"excerpt":{"rendered":"<p>\u00bfQUIENES SOMOS? \u00bfPOR QU\u00c9 NOSOTROS? Porque somos especialistas en revalorizaci\u00f3n y conservaci\u00f3n en el entorno mallorqu\u00edn. Garantizamos una imagen impecable que maximiza el potencial de su propiedad. Nuestra promesa: trabajo profesional, equipo propio y el orden que su finca necesita. Su tranquilidad y la belleza de su patrimonio son nuestra m\u00e1xima prioridad.<\/p>\n","protected":false},"author":1,"featured_media":0,"parent":0,"menu_order":0,"comment_status":"closed","ping_status":"closed","template":"","meta":{"footnotes":""},"class_list":["post-103","page","type-page","status-publish","hentry"],"_links":{"self":[{"href":"https:\/\/portanostra-mallorca.com\/index.php?rest_route=\/wp\/v2\/pages\/103","targetHints":{"allow":["GET"]}}],"collection":[{"href":"https:\/\/portanostra-mallorca.com\/index.php?rest_route=\/wp\/v2\/pages"}],"about":[{"href":"https:\/\/portanostra-mallorca.com\/index.php?rest_route=\/wp\/v2\/types\/page"}],"author":[{"embeddable":true,"href":"https:\/\/portanostra-mallorca.com\/index.php?rest_route=\/wp\/v2\/users\/1"}],"replies":[{"embeddable":true,"href":"https:\/\/portanostra-mallorca.com\/index.php?rest_route=%2Fwp%2Fv2%2Fcomments&post=103"}],"version-history":[{"count":6,"href":"https:\/\/portanostra-mallorca.com\/index.php?rest_route=\/wp\/v2\/pages\/103\/revisions"}],"predecessor-version":[{"id":123,"href":"https:\/\/portanostra-mallorca.com\/index.php?rest_route=\/wp\/v2\/pages\/103\/revisions\/123"}],"wp:attachment":[{"href":"https:\/\/portanostra-mallorca.com\/index.php?rest_route=%2Fwp%2Fv2%2Fmedia&parent=103"}],"curies":[{"name":"wp","href":"https:\/\/api.w.org\/{rel}","templated":true}]}}

<div class="alignleft wp-block-site-logo"><a href="https://portanostra-mallorca.com/" class="custom-logo-link" rel="home"><img loading="lazy" decoding="async" width="555" height="338" src="https://portanostra-mallorca.com/wp-content/uploads/2025/10/foresta-copia.jpg" class="custom-logo" alt="PORTA NOSTRA REAL ESTATE" srcset="https://portanostra-mallorca.com/wp-content/uploads/2025/10/foresta-copia.jpg 960w, https://portanostra-mallorca.com/wp-content/uploads/2025/10/foresta-copia-300x183.jpg 300w, https://portanostra-mallorca.com/wp-content/uploads/2025/10/foresta-copia-768x469.jpg 768w" sizes="auto, (max-width: 555px) 100vw, 555px" /></a></div>


<div class="wp-block-columns is-layout-flex wp-container-core-columns-is-layout-3a88641f wp-block-columns-is-layout-flex">
<div class="wp-block-column is-layout-flow wp-block-column-is-layout-flow" style="flex-basis:100%">
<h2 class="wp-block-heading">¿QUIENES SOMOS?</h2>
</div>
</div>


<p class="wp-block-site-tagline">En &lt;strong&gt;Foresta&lt;/strong&gt;, somos más que una empresa de limpieza y adecuación: somos los &lt;strong&gt;guardianes de la belleza y el potencial&lt;/strong&gt; de su espacio en Mallorca. Con años de experiencia y una pasión por el entorno, nos dedicamos a transformar solares, villas y casas de campo, preparándolas para que luzcan su mejor versión. Nuestro compromiso es el &lt;strong&gt;orden, el cuidado y la excelencia&lt;/strong&gt;, asegurando que cada terreno refleje la armonía que la naturaleza de la isla merece.</p>


<h2 class="wp-block-heading">¿POR QUÉ NOSOTROS?</h2>



<p class="wp-block-paragraph">Porque somos especialistas en <strong>revalorización y conservación</strong> en el entorno mallorquín. Garantizamos una <strong>imagen impecable</strong> que maximiza el potencial de su propiedad. Nuestra promesa: <strong>trabajo profesional, equipo propio y el orden que su finca necesita</strong>. Su tranquilidad y la belleza de su patrimonio son nuestra máxima prioridad.</p>



<figure class="wp-block-gallery has-nested-images columns-default is-cropped wp-block-gallery-1 is-layout-flex wp-block-gallery-is-layout-flex">
<figure class="wp-block-image size-large"><img loading="lazy" decoding="async" width="320" height="240" data-id="112" src="https://portanostra-mallorca.com/wp-content/uploads/2025/10/0c184d1e-2fd2-4777-a93b-484308845d60-2.jpg" alt="" class="wp-image-112" srcset="https://portanostra-mallorca.com/wp-content/uploads/2025/10/0c184d1e-2fd2-4777-a93b-484308845d60-2.jpg 320w, https://portanostra-mallorca.com/wp-content/uploads/2025/10/0c184d1e-2fd2-4777-a93b-484308845d60-2-300x225.jpg 300w" sizes="auto, (max-width: 320px) 100vw, 320px" /></figure>



<figure class="wp-block-image size-large is-resized"><img loading="lazy" decoding="async" width="1024" height="768" data-id="113" src="https://portanostra-mallorca.com/wp-content/uploads/2025/10/9e5b998b-d54f-42a4-afae-2b7d299d25e3-1-1024x768.jpg" alt="" class="wp-image-113" style="width:315px;height:auto" srcset="https://portanostra-mallorca.com/wp-content/uploads/2025/10/9e5b998b-d54f-42a4-afae-2b7d299d25e3-1-1024x768.jpg 1024w, https://portanostra-mallorca.com/wp-content/uploads/2025/10/9e5b998b-d54f-42a4-afae-2b7d299d25e3-1-300x225.jpg 300w, https://portanostra-mallorca.com/wp-content/uploads/2025/10/9e5b998b-d54f-42a4-afae-2b7d299d25e3-1-768x576.jpg 768w, https://portanostra-mallorca.com/wp-content/uploads/2025/10/9e5b998b-d54f-42a4-afae-2b7d299d25e3-1-1536x1152.jpg 1536w, https://portanostra-mallorca.com/wp-content/uploads/2025/10/9e5b998b-d54f-42a4-afae-2b7d299d25e3-1.jpg 1600w" sizes="auto, (max-width: 1024px) 100vw, 1024px" /></figure>
</figure>



<div class="wp-block-columns is-layout-flex wp-container-core-columns-is-layout-3a88641f wp-block-columns-is-layout-flex">
<div class="wp-block-column is-layout-flow wp-block-column-is-layout-flow" style="flex-basis:50%">
<div class="wp-block-buttons is-layout-flex wp-block-buttons-is-layout-flex">
<div class="wp-block-button is-style-fill"><a class="wp-block-button__link wp-element-button">SERVICIOS</a></div>



<div class="wp-block-button is-style-fill"><a class="wp-block-button__link wp-element-button">Ofrecemos la <strong>adecuación integral</strong> de terrenos, villas y fincas en Mallorca. Limpieza, desbroce, puesta a punto y mantenimiento de alto nivel para solares y casas de campo. Transformamos cualquier espacio para garantizar su <strong>mejor imagen y conservación</strong>.</a></div>
</div>
</div>



<div class="wp-block-column is-layout-flow wp-block-column-is-layout-flow" style="flex-basis:50%">
<div class="wp-block-buttons is-layout-flex wp-block-buttons-is-layout-flex">
<div class="wp-block-button"><a class="wp-block-button__link wp-element-button">FAQ</a></div>



<div class="wp-block-button"><a class="wp-block-button__link wp-element-button">¿Listo para transformar su terreno o villa? Póngase en contacto con nosotros para solicitar un <strong>presupuesto sin compromiso</strong>. Estamos a su disposición para analizar sus necesidades de limpieza y adecuación en cualquier punto de Mallorca.</a></div>
</div>
</div>
</div>



<p class="wp-block-paragraph"></p>

<p>¿QUIENES SOMOS? ¿POR QUÉ NOSOTROS? Porque somos especialistas en revalorización y conservación en el entorno mallorquín. Garantizamos una imagen impecable que maximiza el potencial de su propiedad. Nuestra promesa: trabajo profesional, equipo propio y el orden que su finca necesita. Su tranquilidad y la belleza de su patrimonio son nuestra máxima prioridad.</p>
